# ************************************************************
# Sequel Pro SQL dump
# Version 5446
#
# https://www.sequelpro.com/
# https://github.com/sequelpro/sequelpro
#
# Host: 127.0.0.1 (MySQL 8.2.0)
# Database: backendEnip
# Generation Time: 2024-02-14 15:52:15 +0000
# ************************************************************




# Dump of table activities
# ------------------------------------------------------------


CREATE TABLE `activities` (
  `id` bigint unsigned NOT NULL AUTO_INCREMENT,
  `name` varchar(255) CHARACTER SET utf8mb4 COLLATE utf8mb4_unicode_ci NOT NULL DEFAULT '',
  `description` varchar(255) CHARACTER SET utf8mb4 COLLATE utf8mb4_unicode_ci NOT NULL DEFAULT '',
  `cumplimiento` varchar(255) CHARACTER SET utf8mb4 COLLATE utf8mb4_unicode_ci DEFAULT '',
  `nro` int DEFAULT NULL,
  `indicador` varchar(255) CHARACTER SET utf8mb4 COLLATE utf8mb4_unicode_ci NOT NULL DEFAULT '',
  `formula` varchar(255) CHARACTER SET utf8mb4 COLLATE utf8mb4_unicode_ci NOT NULL DEFAULT '',
  `involved` varchar(255) CHARACTER SET utf8mb4 COLLATE utf8mb4_unicode_ci DEFAULT '',
  `involved2` varchar(255) CHARACTER SET utf8mb4 COLLATE utf8mb4_unicode_ci DEFAULT '',
  `created_at` timestamp NULL DEFAULT NULL,
  `updated_at` timestamp NULL DEFAULT NULL,
  `measure_id` bigint unsigned NOT NULL,
  `user_id` bigint unsigned NOT NULL,
  PRIMARY KEY (`id`),
  KEY `activities_measure_id_foreign` (`measure_id`),
  CONSTRAINT `activities_measure_id_foreign` FOREIGN KEY (`measure_id`) REFERENCES `measures` (`id`)
) ENGINE=InnoDB DEFAULT CHARSET=utf8mb4 COLLATE=utf8mb4_unicode_ci;


INSERT INTO `activities` (`id`, `name`, `description`, `cumplimiento`, `nro`, `indicador`, `formula`, `involved`, `involved2`, `created_at`, `updated_at`, `measure_id`, `user_id`)
VALUES
	(1,'Test','Beta Test','',1,'un indicador aquí','formula indicador n*n','','','2024-01-15 15:54:48','2024-01-15 15:54:48',1,0),
	(2,'Test 2','beta test 2','',1,'indicador','form indicador','','','2024-01-15 16:01:10','2024-01-15 16:01:10',2,0);



# Dump of table attachments
# ------------------------------------------------------------


CREATE TABLE `attachments` (
  `id` bigint unsigned NOT NULL AUTO_INCREMENT,
  `name` varchar(255) COLLATE utf8mb4_unicode_ci NOT NULL,
  `activity_id` bigint unsigned NOT NULL,
  `created_at` timestamp NULL DEFAULT NULL,
  `updated_at` timestamp NULL DEFAULT NULL,
  PRIMARY KEY (`id`),
  KEY `attachments_activity_id_foreign` (`activity_id`),
  CONSTRAINT `attachments_activity_id_foreign` FOREIGN KEY (`activity_id`) REFERENCES `activities` (`id`)
) ENGINE=InnoDB DEFAULT CHARSET=utf8mb4 COLLATE=utf8mb4_unicode_ci;


INSERT INTO `attachments` (`id`, `name`, `activity_id`, `created_at`, `updated_at`)
VALUES
	(1,'Boletin04.png',1,'2024-01-15 15:54:48','2024-01-15 15:54:48'),
	(2,'Banner-ENIP.png',2,'2024-01-15 16:01:10','2024-01-15 16:01:10');



# Dump of table axes
# ------------------------------------------------------------


CREATE TABLE `axes` (
  `id` bigint unsigned NOT NULL AUTO_INCREMENT,
  `name` varchar(255) COLLATE utf8mb4_unicode_ci NOT NULL,
  `created_at` timestamp NULL DEFAULT NULL,
  `updated_at` timestamp NULL DEFAULT NULL,
  PRIMARY KEY (`id`)
) ENGINE=InnoDB DEFAULT CHARSET=utf8mb4 COLLATE=utf8mb4_unicode_ci;


INSERT INTO `axes` (`id`, `name`, `created_at`, `updated_at`)
VALUES
	(1,'Transparencia',NULL,NULL),
	(2,'Recursos Públicos',NULL,NULL),
	(3,'Política',NULL,NULL),
	(4,'Sector Privado',NULL,NULL),
	(5,'Función Pública',NULL,NULL);



# Dump of table failed_jobs
# ------------------------------------------------------------


CREATE TABLE `failed_jobs` (
  `id` bigint unsigned NOT NULL AUTO_INCREMENT,
  `uuid` varchar(255) COLLATE utf8mb4_unicode_ci NOT NULL,
  `connection` text COLLATE utf8mb4_unicode_ci NOT NULL,
  `queue` text COLLATE utf8mb4_unicode_ci NOT NULL,
  `payload` longtext COLLATE utf8mb4_unicode_ci NOT NULL,
  `exception` longtext COLLATE utf8mb4_unicode_ci NOT NULL,
  `failed_at` timestamp NOT NULL DEFAULT CURRENT_TIMESTAMP,
  PRIMARY KEY (`id`),
  UNIQUE KEY `failed_jobs_uuid_unique` (`uuid`)
) ENGINE=InnoDB DEFAULT CHARSET=utf8mb4 COLLATE=utf8mb4_unicode_ci;



# Dump of table goals
# ------------------------------------------------------------


CREATE TABLE `goals` (
  `id` bigint unsigned NOT NULL AUTO_INCREMENT,
  `name` varchar(255) COLLATE utf8mb4_unicode_ci NOT NULL,
  `axis_id` bigint unsigned NOT NULL,
  `created_at` timestamp NULL DEFAULT NULL,
  `updated_at` timestamp NULL DEFAULT NULL,
  PRIMARY KEY (`id`),
  KEY `goals_axis_id_foreign` (`axis_id`),
  CONSTRAINT `goals_axis_id_foreign` FOREIGN KEY (`axis_id`) REFERENCES `axes` (`id`)
) ENGINE=InnoDB DEFAULT CHARSET=utf8mb4 COLLATE=utf8mb4_unicode_ci;



# Dump of table measures
# ------------------------------------------------------------


CREATE TABLE `measures` (
  `id` bigint unsigned NOT NULL AUTO_INCREMENT,
  `name` varchar(255) COLLATE utf8mb4_unicode_ci NOT NULL,
  `description` longtext CHARACTER SET utf8mb4 COLLATE utf8mb4_unicode_ci NOT NULL,
  `nro` varchar(255) COLLATE utf8mb4_unicode_ci NOT NULL,
  `type` varchar(255) COLLATE utf8mb4_unicode_ci NOT NULL,
  `cumplimiento` varchar(255) CHARACTER SET utf8mb4 COLLATE utf8mb4_unicode_ci DEFAULT '',
  `axis_id` bigint unsigned NOT NULL,
  `goal_id` bigint unsigned DEFAULT NULL,
  `user_id` bigint unsigned DEFAULT NULL,
  `created_at` timestamp NULL DEFAULT NULL,
  `updated_at` timestamp NULL DEFAULT NULL,
  PRIMARY KEY (`id`),
  KEY `measures_axis_id_foreign` (`axis_id`),
  KEY `measures_goal_id_foreign` (`goal_id`),
  KEY `measures_user_id_foreign` (`user_id`),
  CONSTRAINT `measures_axis_id_foreign` FOREIGN KEY (`axis_id`) REFERENCES `axes` (`id`),
  CONSTRAINT `measures_goal_id_foreign` FOREIGN KEY (`goal_id`) REFERENCES `goals` (`id`),
  CONSTRAINT `measures_user_id_foreign` FOREIGN KEY (`user_id`) REFERENCES `users` (`id`)
) ENGINE=InnoDB DEFAULT CHARSET=utf8mb4 COLLATE=utf8mb4_unicode_ci;


INSERT INTO `measures` (`id`, `name`, `description`, `nro`, `type`, `cumplimiento`, `axis_id`, `goal_id`, `user_id`, `created_at`, `updated_at`)
VALUES
	(1,'Elaboración e implementación de códigos de ética en todas las instituciones públicas','Orientar e impulsar que todas las instituciones públicas elaboren e implementen códigos de ética, conforme a los lineamientos del Servicio Civil.','1','Gestión','',5,NULL,14,NULL,NULL),
	(2,'Capacitación obligatoria al ingresar a la Administración del Estado','Establecer un programa de capacitación obligatoria de integridad, según perfiles del cargo, al ingresar a la Administración del Estado mediante cursos en el Centro de Estudios de la Administración del Estado de la Contraloría General de la República.','2','Administrativa','',5,NULL,14,NULL,NULL),
	(3,'Capacitaciones en ética','Realizar jornadas de integridad abiertas a todas/os las/os funcionarias/os de la Administración del Estado.','3','Gestión','',5,NULL,7,NULL,NULL),
	(4,'Designación de encargadas/os de integridad en todos los Gobiernos Regionales','Instar la designación de encargadas/os de integridad en todos los Gobiernos Regionales.','4','Gestión','',5,NULL,15,NULL,NULL),
	(5,'Mediciones de conducta para funcionarias/os','Elaborar herramientas de medición que utilicen la percepción, conocimiento y conducta de dilemas éticos de las y los funcionarios públicos.','5','Gestión','',5,NULL,2,NULL,NULL),
	(6,'Fortalecer los sistemas de integridad a nivel central del Estado','Posicionar una estructura de integridad activa y con roles claros y formales dentro de la organización pública, con un enfoque basado en riesgos, evaluaciones periódicas y perspectiva de género en todas las instituciones del país.','6','Gestión','',5,NULL,14,NULL,NULL),
	(7,'Impartir cursos de integridad en línea','Impartir el curso de integridad pública en línea para todas y todos los funcionarios públicos.','7','Gestión','',5,NULL,14,NULL,NULL),
	(8,'Fortalecimiento de la integridad pública en las Misiones de Chile en el exterior','Realizar acciones de sensibilización, formación y difusión sobre el cumplimiento de la conducta ética en las Misiones de Chile en el exterior.','8','Gestión','',5,NULL,18,NULL,NULL),
	(9,'Implementar un \"día de la integridad\" en la instituciones públicas','Implementar y promover un \"día de la integridad\" en las instituciones públicas.','9','Administrativa','',5,NULL,15,NULL,NULL),
	(10,'Establecer sistemas de integridad en las Fuerzas Armadas y el Estado Mayor Conjunto','Establecer sistemas de integridad en las Fuerzas Armadas y el Estado Mayor Conjunto, que contemplen encargados de integridad, códigos de ética, actividades de prevención, canales de denuncia y procedimientos disciplinarios transparentes que sancionen las irregularidades detectadas.','10','Administrativa','',5,NULL,10,NULL,NULL),
	(11,'Incorporar materias de integridad a los cursos institucionales de las Fuerzas Armadas y el Estado Mayor Conjunto','Incorporar materias de integridad en las mallas curriculares de los cursos de formación y perfeccionamiento que se imparten en las Fuerzas Armadas y el Estado Mayor Conjunto.','11','Gestión','',5,NULL,10,NULL,NULL),
	(12,'Compromisos de integridad en Alta Dirección Pública','Incorporar en los convenios de desempeño de Alta Dirección Pública un compromiso de integridad para altos directivos que comprenda obligaciones como la realización de programas del Servicio Civil y la reunión periódica con encargados de integridad.','12','Gestión','',5,NULL,14,NULL,NULL),
	(13,'Crear e implementar sistemas de integridad en el Senado','Crear e implementar un sistema de integridad para el Senado de Chile, que cuente, entre otras cosas, con un Código de Conducta; la conformación de una estructura humana a cargo de la gestión en materia de integridad dentro de la institución; una plataforma de consultas y denuncias, como herramienta que permita resolver consultas y dar alerta sobre situaciones problemáticas de manera segura y confidencial; acompañado de un plan de difusión y capacitación.','13','Administrativa','',5,NULL,18,NULL,NULL),
	(14,'Implementar sistemas de integridad en la Cámara de Diputadas y Diputados','Reportar anualmente el estado de avance y evaluación de la implementación de un sistema de integridad en la Cámara de Diputadas y Diputados. ','14','Gestión','',5,NULL,18,NULL,NULL),
	(15,'Código de ética para el Tribunal Constitucional','Desarrollo de un código de ética institucional para el Tribunal Constitucional.','15','Gestión','',5,NULL,10,NULL,NULL),
	(16,'Diseño y creación de un modelo de cumplimiento en el Ministerio Público','Diseño y creación de un modelo de cumplimiento en el Ministerio Público.','16','Administrativa','',5,NULL,4,NULL,NULL),
	(17,'Crear oficiales de cumplimiento en el Ministerio Público','Creación de la figura de oficial de cumplimiento al interior del Ministerio Público.','17','Administrativa','',5,NULL,4,NULL,NULL),
	(18,'Regular las capacitaciones de las y los concejales','Regular las capacitaciones de las y los concejales, requiriendo que éstas se vinculen con materias de su competencia, sean aprobadas mediante acto administrativo fundado de la alcaldesa o el alcalde y requieran un informe posterior.','18','Legislativa','',5,NULL,16,NULL,NULL),
	(19,'Obligación para las y los concejales de abstenerse de manera fundada','Exigir a las y los concejales que fundamenten debidamente sus abstenciones en los concejos municipales para permitir el control ciudadano sobre sus decisiones.','19','Legislativa','',5,NULL,16,NULL,NULL),
	(20,'Establecer un plazo de revisión de puntos de tabla en concejos municipales','Establecer un plazo para que las y los concejales puedan revisar la tabla y su contenido con una anticipación previa a la sesión del concejo, para facilitar su trabajo normativo, resolutivo y fiscalizador.','20','Legislativa','',5,NULL,4,NULL,NULL),
	(21,'Acceso del concejo municipal a auditorías internas','Establecer la obligación para la unidad de control municipal de informar el resultado de la auditoría operativa interna de la municipalidad al Concejo Municipal.','21','Legislativa','',5,NULL,4,NULL,NULL),
	(22,'Creación de los planes de integridad municipal','Crear un instrumento de gestión municipal que prevenga la corrupción y las faltas a la integridad en los municipios, constituyéndose como un instrumento que incida en la gestión municipal.','22','Legislativa','',5,NULL,4,NULL,NULL),
	(23,'Mayor independencia de la unidad de control municipal','Fortalecer la independencia de las unidades de control interno municipal, estableciendo que la Contraloría General de la República sea la única con la capacidad de remover su jefatura, previa instrucción por respectivo sumario. ','23','Legislativa','',5,NULL,4,NULL,NULL),
	(24,'Mayor control a corporaciones municipales en el sistema de gestión y control oficial de cada municipio','Integrar a todas las corporaciones municipales en el sistema de gestión y control oficial de cada municipio y buscar una solución homóloga para las corporaciones regionales.','24','Legislativa','',5,NULL,4,NULL,NULL),
	(25,'Permitir que la Contraloría General de la República envíe los antecedentes al Tribunal Electoral Regional de infracciones de Gobernadores Regionales y alcaldes','Otorgar legitimación activa a la Contraloría General de la República y los Contralores Regionales ante los Tribunales Electorales Regionales por infracciones de sus deberes a Alcaldes o Gobernadores Regionales a fin de que el Tribunal Electoral Regional determine si esto implica infracciones graves a los deberes de dichas autoridades. ','25','Legislativa','',5,NULL,4,NULL,NULL),
	(26,'Profesionalizar unidades de control municipal','Exigir que todas y todos quienes ocupan el cargo de jefatura en las unidades de control municipal deban tener un título profesional.','26','Legislativa','',5,NULL,4,NULL,NULL),
	(27,'Modernizar la Ley de Lobby','Presentar un proyecto de Ley que modernice y perfeccione la Ley N°20.730, atendiendo a las recomendaciones de la OCDE en la materia.','27','Legislativa','',5,NULL,4,NULL,NULL),
	(28,'Reformar el reglamento de la Ley de Lobby','Perfeccionar y modificar determinados aspectos del reglamento de la ley de lobby para mejorar la operatividad y funcionamiento del sistema. ','28','Administrativa','',5,NULL,12,NULL,NULL),
	(29,'Elaborar  y difundir un Código de Buenas Prácticas para lobbistas','Elaborar y difundir un nuevo Código de Buenas prácticas para lobbistas, como un documento de carácter integral que incluya estándares éticos y lineamientos conductuales, facilitando el ejercicio de la actividad.','29','Gestión','',5,NULL,1,NULL,NULL),
	(30,'Actualizar la plataforma online de Lobby','Actualizar y perfeccionar la plataforma online de lobby, con tal de sumar nuevos insumos e información, y que la ya existente sea más legible y útil para lobbistas, académicos, autoridades y ciudadanas/os.','30','Gestión','',5,NULL,6,NULL,NULL),
	(31,'Restringir la contratación de parientes de altas autoridades','Establecer impedimentos de contratación para parientes de altas autoridades, como Ministras/os, Subsecretarias/os, Parlamentarias/os y la/el Presidenta/e, para refrendar los criterios del instructivo presidencial que da lineamientos que impiden la contratación de parientes.','31','Legislativa','',5,NULL,4,NULL,NULL),
	(32,'Incorporar nuevos sujetos declarantes de declaraciones de intereses y patrimonio','Extender los sujetos obligados a presentar la declaración de intereses y patrimonio que dispone la Ley N°20.880. ','32','Legislativa','',5,NULL,4,NULL,NULL),
	(33,'Mejorar regulación del fideicomiso ciego','Modificar la regulación actual de las normas sobre fideicomiso ciego en la Ley N°20.880, incluyendo a más personas obligadas a realizarlo, aumentando los activos a incluir, y dejando a la Contraloría General de la República} como encargada de su registro y fiscalización, entre otros.','33','Legislativa','',5,NULL,4,NULL,NULL),
	(34,'Aumentar las materias a declarar en las declaraciones de intereses y patrimonio','Incorporar nuevos elementos a incluir en las declaraciones de intereses y patrimonios reguladas por la Ley N°20.880, como los depósitos a largo plazo, cuotas de fondos mutuos, seguros de vida con ahorro, seguros en general y activos digitales.','34','Legislativa','',5,NULL,4,NULL,NULL),
	(35,'Optimizar los procedimientos de las declaraciones de intereses y patrimonio','Implementar herramientas digitales o electrónicas de comunicación que faciliten tanto el deber de otorgar las declaraciones de intereses y patrimonio, como resolver dudas y recibir orientaciones de forma clara y oportuna para su formulación. ','35','Gestión','',5,NULL,6,NULL,NULL),
	(36,'Mesa que estudie mejoras a la carrera funcionaria','Crear una mesa de trabajo que estudie mejoras al sistema de ingreso y selección a la administración pública, considerando elementos como la excelencia, la eficiencia, la eficacia y las brechas de género.','36','Gestión','',5,NULL,18,NULL,NULL),
	(37,'Inhabilidades para cónyuges o convivientes civiles de Directivos de CORFO','Extender la inhabilidad para los cónyuges o convivientes civiles de Directivos de CORFO para participar en concursos, o ejecutar proyectos en los programas e instrumentos de financiamiento que CORFO o sus comités ofrezcan, ampliando el criterio que actualmente contempla el Dictamen N°17.083 de 2019 de la Contraloría General de la República.','37','Legislativa','',5,NULL,4,NULL,NULL),
	(38,'Establecer inhabilidades post-empleo que regulen el tránsito del mundo privado al público y viceversa','Incorporar nuevas inhabilidades post-empleo para autoridades que se desempeñen en instituciones fiscalizadoras, junto con impedir temporalmente el ingreso a un organismo de la Administración a aquellas personas que tengan conflictos de intereses con el mismo, regulando el fenómeno de la \"puerta giratoria\" entre el sector público y privado y viceversa.','38','Legislativa','',5,NULL,4,NULL,NULL),
	(39,'Ampliar la cantidad de sujetos que contemplan los principios de probidad adminstrativa y de abstención','Ampliar los supuestos de contravención al principio de probidad administrativa que contempla la ley sobre conflictos de intereses para incorporar a convivientes civiles y personas con quien tengan hijos en común.','39','Legislativa','',5,NULL,4,NULL,NULL),
	(40,'Incompatibilidad para funcionarios de exclusiva confianza del alcalde','Impedir el nombramiento de funcionarios de exclusiva confianza del alcalde a las personas que tengan la calidad de hijos, padres, cónyuges, convivientes civiles o parientes hasta el tercer grado de consanguinidad y segundo de afinidad inclusive, respecto del alcalde y de los concejales.','40','Legislativa','',5,NULL,4,NULL,NULL),
	(41,'Realización de declaraciones juradas sobre conflicto de intereses particulares','Exigir la realización de declaraciones juradas sobre eventuales conflictos de intereses que puedan tener relación con un caso en particular y no en abstracto.','41','Legislativa','',5,NULL,4,NULL,NULL),
	(42,'Adoptar lineamientos para denuncia de Maltrato, Acoso Laboral y Sexual (MALS)','Adoptar lineamientos para adopar enfoque de género en denuncias, investigaciones y sanciones a conductas de Maltrato, Acoso Laboral y Sexual (MALS).','42','Administrativa','',5,NULL,12,NULL,NULL),
	(43,'Implementar un canal de denuncia ante los actos constitutivos de faltas a la probidad administrativa','Implementar un canal de denuncias, administrado por la Contraloría General de la República mediante una plataforma electrónica, a efectos de que toda persona pueda denunciar hechos constitutivos de infracciones disciplinarias o de faltas administrativas.','43','Administrativa','',5,NULL,12,NULL,NULL),
	(44,'Implementación del Sistema de Protección al Denunciante al interior de las Fuerzas Armadas','Implementación del sistema de protección al denunciante en las Fuerzas Armadas, en concordancia con la publicación de la Ley N°21.480, que establece un deber de denuncia y extiende la esfera de protección a personal de las FFAA frente a denuncias por faltas a la probidad y otros delitos.','44','Gestión','',5,NULL,10,NULL,NULL),
	(45,'Implementación de las medidas de protección del denunciante de actos constitutivos de faltas a la probidad administrativa','Propiciar la correcta implementación de las medidas preventivas de protección que contempla la ley que establece un nuevo estatuto de protección en favor del denunciante de actos contra la probidad.','45','Gestión','',5,NULL,12,NULL,NULL),
	(46,'Difusión del canal de denuncia de actos constitutivos de faltas a la probidad administrativa','Difusión del canal de denuncia ante los actos constitutivos de faltas a la probidad administrativa administrado por la Contraloría General de la República, propiciando su conocimiento y uso por parte de la ciudadanía.','46','Gestión','',5,NULL,12,NULL,NULL),
	(47,'Inhabilidad para ejercer cargos públicos o de elección popular','Establecer la inhabilidad por 10 años para quienes cometieren delitos de corrupción de ejercer un cargo de elección popular o a un cargo en la administración pública.','47','Legislativa','',5,NULL,16,NULL,NULL),
	(48,'Crear una Fiscalía Especial Supraterritorial','Crear una Fiscalía Supraterritorial, que se haga cargo de la investigación de delitos complejos en las áreas de corrupción, lavado de activos, drogas, trata de personas, y crimen organizado, que tenga gran alcance, integración multidisciplinaria, trabajo interinstitucional y con la posibilidad de aplicar técnicas de investigación modernas.','48','Legislativa','',5,NULL,16,NULL,NULL),
	(49,'Tipificar como delito funcionario la solicitud de favores sexuales','Tipificar como delito funcionario que la empleada o empleado público en razón de su cargo solicite o acepte favores sexuales, para ejecutar o haber ejecutado un acto propio de su cargo, o para omitir o haber omitido un acto propio de su cargo.','49','Legislativa','',5,NULL,16,NULL,NULL),
	(50,'Modernizar los procedimientos administrativos disciplinarios','Crear una mesa de trabajo que estudie mejoras y propuestas de modernización al Estatuto Administrativo en materia de sumarios.','50','Gestión','',5,NULL,14,NULL,NULL),
	(51,'Coordinación del Plan de Acción de la Mesa Intersectorial sobre Prevención y Combate del Lavado de Activos y Finanaciamiento del Terrorismo','Implementar las medidas establecidas en el Plan de Acción  para prevenir/combatir el lavado de activos y el financiamiento del terrorismo y proliferación de armas de destrucción masiva.','51','Legislativa','',5,NULL,16,NULL,NULL),
	(52,'Levantamiento del secreto bancario para delitos de evasión y elusión','Facultar al Servicio de Impuestos Internos para que acceda de manera expedita y periódica a información sujeta a reserva o secreto bancario que sea necesaria para el control de la evasión y la elusión.','52','Legislativa','',5,NULL,16,NULL,NULL),
	(53,'Obligación de informar al Servicio de Impuestos Internos','Establecer por ley la obligación de organismos públicos (Comisión para el Mercado Financiero, Unidad de Análisis Financiero, Policía de Investigaciones, Banco Central, y Tribunal Constitucional) de entregar al Servicio de Impuestos Internos información necesaria para la fiscalización tributaria cuando lo requiera, a pesar de su carácter reservado.','53','Legislativa','',5,NULL,16,NULL,NULL),
	(54,'Establecer un catálogo de sanciones proporcionales adicionales a la cancelación de la personalidad jurídica a instituciones privadas sin fines de lucro','Establecer normas generales y supletorias con sanciones y principios de aplicación relativas a incumplimientos por parte de instituciones privadas sin fines de lucro respecto de transferencias públicas, con un catálogo posible de medidas, de carácter proporcional a la gravedad de la infracción.','54','Legislativa','',5,NULL,16,NULL,NULL),
	(55,'Sanciones penales proporcionales y adecuadas a irregularidades en el uso de recursos públicos y transferencias','Analizar la posibilidad de limitar las penas sustitutivas a las privativas o restrictivas de libertad en caso de ilícitos asociados a irregularidades en el uso de los recursos públicos.','55','Gestión','',5,NULL,5,NULL,NULL),
	(56,'Renuncia a secreto bancario','Exceptuar de la reserva bancaria a altos directivos públicos, personas políticamente expuestas, directoras y directores de corporaciones, fundaciones y asociaciones.','56','Legislativa','',5,NULL,16,NULL,NULL),
	(57,'Delito de contabilidad falsa','Tipificar el delito de contabilidad falsa.','57','Legislativa','',5,NULL,16,NULL,NULL),
	(58,'Delito de enriquecimiento ilícito','Perfeccionar la tipificación del delito de enriquecimiento ilícito, recogiendo las recomendaciones internacionales en la materia.','58','Legislativa','',5,NULL,16,NULL,NULL),
	(59,'Regulación legal al Centro de Estudios de Administración del Estado','Dar regulación legal al Centro de Estudios de Administración del Estado (CEA), a cargo del órgano contralor, a fin de fortalecer su rol en el análisis y en la formación en torno a la administración del Estado.','59','Legislativa','',5,NULL,16,NULL,NULL),
	(60,'Otorgar continuidad legal a las políticas de integridad, probidad, transparencia y gobierno abierto','Establecer legalmente el deber del Ministerio Secretaría General de la Presidencia de coordinar las politicas de integridad pública, probidad, transparencia y gobierno abierto a través de una División de Integridad Pública y Transparencia.','60','Legislativa','',5,NULL,16,NULL,NULL),
	(61,'Creación formal de un Sistema Nacional de Integridad Pública','Establecer una instancia formal de coordinación anticorrupción que represente a los servicios y/o entidades que se relacionen con dichas temáticas.','61','Administrativa','',5,NULL,5,NULL,NULL),
	(62,'Enlaces permanentes de integridad en las instituciones del Estado','Crear enlaces permanentes en las instituciones del Estado que evalúen la implementación de compromisos adquiridos en materia de integridad y anticorrupción.','62','Gestión','',5,NULL,15,NULL,NULL),
	(63,'Establecer una Comisión de Coordinación de la Ley de Transparencia','Crear una Comisión de Coordinación de la Ley de Transparencia, de carácter permanente y consultivo, que tenga como objetivo procurar el fortalecimiento y buen funcionamiento del sistema de transparencia.','63','Legislativa','',5,NULL,16,NULL,NULL),
	(64,'Reforma orgánica al Consejo para la Transparencia','Fortalecimiento de la gobernanza del Consejo para la Transparencia, con atención en la prevención de conflictos de intereses y foco en la promoción de perfiles profesionales e independientes.','64','Legislativa','',5,NULL,16,NULL,NULL),
	(65,'Dar rango legal a la auditoría interna de gobierno','Dar rango legal a la auditoría interna de gobierno por medio de un servicio cuya función principal sea fortalecer los procesos de gestión de riesgos, control interno y gobernanza de los órganos de la Administración del Estado.','65','Legislativa','',5,NULL,16,NULL,NULL),
	(66,'Fortalecer el Departamento de Personas Jurídicas del Ministerio de Justicia y Derechos Humanos','Fortalecer las capacidades humanas y técnicas del Departamento de Personas Jurídicas del Ministerio de Justicia de Derechos Humanos para que pueda cumplir un rol activo en la fiscalización a las instituciones privadas sin fines de lucro.','66','Gestión','',5,NULL,5,NULL,NULL),
	(67,'Crear un Oficial de Cumplimiento en los órganos de la Administración del Estado, para velar por la ética e integridad pública','Crear el cargo de Oficial de Cumplimiento de dedicación exclusiva en los órganos estatales a cargo de las materias de integridad, transparencia, lobby, operaciones sospechosas de lavado de activos y financiamiento de terrorismo, instructivo de Maltrato, Acoso Laboral y Sexual (MALS). A la vez, recibir y tramitar las denuncias internas o anónimas relativas a infracciones a la ética, probidad e integridad pública.','67','Legislativa','',5,NULL,16,NULL,NULL),
	(68,'Elaborar una Política de Auditoría General de Gobierno','Elaborar una Política de Auditoría General de Gobierno, que contendrá lineamientos estratégicos en materia de auditoria interna, gobernanza, control interno y gestion de riesgo para los órganos estatales en un horizonte temporal de cinco años.','68','Legislativa','',5,NULL,16,NULL,NULL),
	(69,'Esquemas de formación para auditoras y auditores internos','Formular esquemas de formación, capacitación y certificación profesional para las auditoras y auditores internos institucionales y los equipos de auditoría interna.','69','Legislativa','',5,NULL,16,NULL,NULL),
	(70,'Creación de una Red de Auditoría Interna','Crear una Red de Auditoría Interna general de gobierno, que esté compuesta por las auditoras y auditores internos institucionales y los equipos de auditoría interna, compuesta por al menos dos funcionarias o funcionarios de cada servicio que cumplan con los perfiles técnicos y modelos de competencia que defina la autoridad central.','70','Legislativa','',5,NULL,16,NULL,NULL),
	(71,'Fomentar el uso de lenguaje claro en la información presupuestaria','Propender a que el presupuesto sea comprendido adecuadamente por todas las personas  a través del uso de lenguaje claro.','71','Gestión','',2,NULL,2,NULL,NULL),
	(72,'Más transparencia en sistema tarifario de autopistas','Desarrollar una política nacional de peajes con el fin de implementar un sistema tarifario más simple y transparente; y un sitio web con información de cobros tarifarios a cargo de concesionarias de autopistas.','72','Gestión','',2,NULL,16,NULL,NULL),
	(73,'Sistema de detección de conflictos de interés en compras públicas','Elaborar un Sistema que fomente la integración e interoperabilidad de datos de distintos servicios públicos con el objeto de detectar, transmitir alertas, dar seguimiento y facilitar la resolución oportuna de conflictos de interés de quienes participan de procesos de compra que tienen lugar en la plataforma de Mercado Público.','73','Administrativa','',2,NULL,16,NULL,NULL),
	(74,'Licitaciones de inmuebles fiscales impulsadas por el Ministerio de Bienes Nacionales','Generar un marco regulatorio más transparente para las licitaciones impulsadas por el Ministerio de Bienes Nacionales que transfieran el dominio de inmuebles fiscales o entregar su administración mediante concesiones de uso.','74','Administrativa','',2,NULL,2,NULL,NULL),
	(75,'Planificación compras públicas','Recuperando datos. Espere unos segundos e intente cortar o copiar de nuevo.','75','Administrativa','',2,NULL,16,NULL,NULL),
	(76,'Modificaciones al diseño de convenios marco','Fomentar la competencia y eficiencia en los convenios marco, priorizando su aplicación a adquisiciones de bienes y servicios estandarizados, con demanda regular y transversal y cuyo monto supere las 100 UTM. Además, el diseño de licitaciones de convenio marco deberá considerar estudios previos de factibilidad, contemplará adjudicaciones por zonas geográficas y considerará la participación de empresas de menor tamaño.','76','Gestión','',2,NULL,16,NULL,NULL),
	(77,'Monitoreo en los tratos directos por la Dirección General de Compras y Contratación Públicas','Fortalecer el monitoreo a los tratos directos, para evitar su utilización en desmedro de mecanismos competitivos salvo que fuese absolutamente necesario, y que se revise el diseño de algunas causales legales y reglamentarias que resultan críticas.','77','Gestión','',2,NULL,16,NULL,NULL),
	(78,'Guías para compradores sobre qué contratos suscribir','Establecer guías y reglas que orienten a los compradores públicos acerca de cuándo es óptimo utilizar un contrato de orden fija o uno de suministro.','78','Administrativa','',2,NULL,16,NULL,NULL),
	(79,'Registro para proveedores que incumplan requisitos mínimos de ofertas públicas','Crear un registro que lleve constancia de aquellos proveedores que incumplan ciertos mínimos en ofertas públicas, sancionando, por ejemplo, las ofertas realizadas con documentación falsa o sobreprecios.','79','Administrativa','',2,NULL,16,NULL,NULL),
	(80,'Cláusulas de integridad para evaluadores y jurados externos en las bases de licitación de los fondos concursables','Incluir cláusulas de integridad que incorporen deberes de confidencialidad y abstención en cada proceso concursal de asignación de recursos públicos a evaluadores externos que, sin necesariamente ser funcionarios públicos, cumplen una función pública.','80','Administrativa','',2,NULL,4,NULL,NULL),
	(81,'Estandarización de directrices en compras públicas','Elaborar directrices para las instituciones públicas que garanticen procedimientos de compras públicas eficientes, eficaces, transparentes e íntegros.','81','Administrativa','',2,NULL,16,NULL,NULL),
	(82,'Promover uso de bases tipo elaboradas por ChileCompra','Promover que las instituciones públicas utilicen bases tipo realizadas y aprobadas por la Dirección de ChileCompra y validados por la Contraloría General de la República en procesos de contratación pública.','82','Gestión','',2,NULL,16,NULL,NULL),
	(83,'Cláusulas anticorrupción en bases de licitación','Diseñar cláusulas anticorrupción que determinen qué hacer con los proyectos en caso de corrupción, que sean disuasivas y que eviten el retaso de obras de alto impacto social.','83','Administrativa','',2,NULL,16,NULL,NULL),
	(84,'Ampliar la cobertura del Sistema de Rendición Electrónica de Cuentas','Ampliar la cobertura del Sistema de Rendición Electrónica de Cuentas (SISREC) de la Contraloría General de la República, como portal único de rendición de las transferencias del Estado, o bien uno homólogo que cumpla con las mismas condiciones.','84','Gestión','',2,NULL,1,NULL,NULL),
	(85,'Incorporar a los economatos y centros de educación y trabajo en la Ley de Presupuesto','Incorporar permanentemente en la Ley de Presupuestos a los economatos y los centros de educación y trabajo de Gendarmería de Chile, a fin de contar con mayores mecanismos de control sobre los recursos públicos que se les transfieren.','85','Legislativa','',2,NULL,16,NULL,NULL),
	(86,'Auditorías externas a corporaciones municipales y entidades privadas','Establecer que las corporaciones y entidades privadas que reciban aportes públicos sobre los 10.000 UTM anuales deban realizar una auditoría externa.','86','Legislativa','',2,NULL,16,NULL,NULL),
	(87,'Más transparencia y acceso en información de contratos de concesión','Desarrollar una plataforma de información con contratos de concesiones para acceso de la comunidad con estándar open data.','87','Gestión','',2,NULL,16,NULL,NULL),
	(88,'Mejoras en el funcionamiento del sistema de asesorías de inspección fiscal','Realizar un estudio a fin de evaluar y proponer mejoras en los ámbitos de gestión, compentecia y transparencia de las asesorías de inspección fiscal.','88','Administrativa','',2,NULL,16,NULL,NULL),
	(89,'Mejoras en el funcionamiento en el sistema de iniciativas privadas','Mejorar la regulación sobre sistema de iniciativas privadas de concesiones y el relacionamiento con los proponentes de proyectos.','89','Administrativa','',2,NULL,16,NULL,NULL),
	(90,'Automatización Procesos Transversales de Soporte del Ministerio de Vivienda y Urbanismo','Actualización de las plataformas tecnológicas, permitiendo automatizar procesos de apoyo en la ejecución de programas del Ministerio de Vivienda y Urbanismo.','90','Administrativa','',2,NULL,5,NULL,NULL),
	(91,'Implementación Sistema Único de Postulación Programas del Ministerio de Vivienda y Urbanismo','Implementar plataforma tecnológica del Ministerio de Vivienda y Urbanismo para la realización de concursos públicos y asignación de subsidias de vivienda.','91','Administrativa','',2,NULL,5,NULL,NULL),
	(92,'Mayor participación ciudadana de los COSOC en materias presupuestarias','Potenciar la participación ciudadana a través de los COSOC en materia presupuestaria. Por ejemplo entregándoles mayor información sobre el proceso presupuestario, y contando con instancias donde se aclaren inquietudes y se reciba retroalimentación.','92','Gestión','',2,NULL,8,NULL,NULL),
	(93,'Rendición de cuentas de entidades privadas con participación municipal','Establecer la obligación de las directoras y directores de asociaciones, corporaciones y fundaciones de informar trimestralmente al concejo municipal acerca del uso, situación y movimiento de todos y cada uno de los aportes y subvenciones recibidas.','93','Legislativa','',2,NULL,16,NULL,NULL),
	(94,'Permitir que la Contraloría General de la República controle a instituciones privadas sin fines de lucro receptoras de fondos públicos','Establecer el deber general de rendir cuenta de todo aporte en dinero, bienes o especies que constituyan financiamiento público de los recursos para lo cual fue destinado, permitiendo a la Contraloría General de la República que por sobre ciertos montos pueda fiscalizar su uso y disponer de toda otra información que requiera para tal efecto.','94','Legislativa','',2,NULL,16,NULL,NULL),
	(95,'Ley General de Transferencias','Proponer una ley permanentente que regule de manera general y, cuando corresponda de modo supletorio, las transferencias estatales a instituciones privadas con y sin fines de lucro y  fortalecer los mecanismos de asignación de transferencias de recursos públicos.','95','Legislativa','',2,NULL,16,NULL,NULL),
	(96,'Regulación de transferencias en Ley de Presupuestos','Fortalecer la regulación de carácter general sobre transferencias, por sobre las normas específicas de las glosas en la Ley de Presupuestos, reforzando los artículos de carácter general que han de aplicarse a todo tipo de transferencias de recursos.','96','Legislativa','',2,NULL,16,NULL,NULL),
	(97,'Rebajar el monto de inversión que requieren aprobación del consejo regional','Reducir el monto para requerir, por el Gobernador Regional, aprobación del consejo regional para iniciativas y proyectos de inversión a fin fortalecer los controles en la Ley de Presupuestos.','97','Administrativa','',2,NULL,16,NULL,NULL),
	(98,'Avanzar en los estándares de transparencia fiscal de la Open Budget Survey y el Fondo Monetario Internacional (FMI)','Coordinar una hoja de ruta para abordar las recomendaciones realizadas en el marco de la Open Budget Survey y el informe de evaluación de transparencia fiscal del Fondo Monetario Internacional (FMI).','98','Gestión','',2,NULL,2,NULL,NULL),
	(99,'Presentación clara del gasto fiscal','Diseñar y aplicar una vista más simple y clara sobre el gasto fiscal, manteniendo la periodicidad anual de la información presentada y su desagregación a nivel nacional, por ministerios, instituciones y programas presupuestarios, como también según clasificación regional, sectores económicos y catálogos presupuestarios.','99','Gestión','',2,NULL,2,NULL,NULL),
	(100,'Actualizar el clasificador presupuestario','Estudio de actualizaciones al clasificador presupuestario para avanzar en mejoras que permitan un marco presupuestario que considere mayor desglose y detalle en la clasificación, favoreciendo una mejor comprensión de cómo se asignan y utilizan los recursos públicos.','100','Gestión','',2,NULL,2,NULL,NULL),
	(101,'Continuar incrementando la transparencia en el Plan de Emergencia Habitacional','Implementar protocolos y acciones para transparentar los procesos asociados al Plan de Emergencia Habitaconal (recursos, terreno, operaciones de adquisición, permisos), velando por el pleno cumplimiento del principio de probidad.','101','Administrativa','',2,NULL,5,NULL,NULL),
	(102,'Crear un registro centralizado de proveedores para las Fuerzas Armadas y el Estado Mayor Conjunto','Regular a nivel legal los aspectos fundamentales del sistema de compras y adquisiciones mediante un registro de proveedores de la defensa centralizado para las Fuerzas Armadas y el Estado Mayor Conjunto.','102','Legislativa','',2,NULL,16,NULL,NULL),
	(103,'Fortalecer la evaluación y monitoreo del gasto capital','Creación de una agencia de evaluación y monitoreo del gasto fiscal, con miras a fortalecer el control del gasto.','103','Legislativa','',2,NULL,16,NULL,NULL),
	(104,'Portal de información sobre transferencia de recursos públicos a instituciones sin fines de lucro','Fortalecimiento y modernización del Registro Central de Colaboradores del Estado para permitir un mayor seguimiento y acceso a la información de las transferencias de recursos públicos. ','104','Legislativa','',2,NULL,16,NULL,NULL),
	(105,'Análisis de datos de plataforma \"Mercado Público\"','Incrementar la cantidad de información de carácter estructurada, con estándar de datos abiertos y accesible a todos los usuarios de Mercado Público, además de avanzar en el diseño y la aplicación de técnicas avanzadas de análisis que contribuyan a la detección de irregularidades y eventuales hechos de corrupción en los procesos de compra pública.','105','Gestión','',2,NULL,16,NULL,NULL),
	(106,'Monitor de gasto municipal','Avanzar en la coordinación de un trabajo intersectorial para incorporar y publicar en la Plataforma de Presupuesto Abierto la información del gasto efectivo realizado por los municipios.','106','Administrativa','',2,NULL,2,NULL,NULL),
	(107,'Crear una plataforma web con estado de todos los proyectos y programas con financiamiento del Fondo Nacional de Desarrollo Regional','Permitir que la información de todos los proyectos y programas con financiamiento del Fondo Nacional de Desarrollo Regional pueda ser conocida y utilizada por la ciudadanía a través de una plataforma web.','107','Gestión','',2,NULL,14,NULL,NULL),
	(108,'Obligación de Gobernadores de informar transferencias, proyectos de inversión o iniciativas al Consejo','Establecer la obligación de informar y rendir cuentas al Consejo Regional de todas las transferencias, proyectos de inversión o iniciativas, independiente del monto y aunque no requieran su aprobación, a fin de fortalecer los mecanismos de control de los recursos.','108','Legislativa','',2,NULL,16,NULL,NULL),
	(109,'Obligación de registro de entidades públicas para reportar operaciones sospechosas a la Unidad de Análisis Financiero','Establecer la obligación de registro de entidades públicas para reportar operaciones sospechosas a la Unidad de Análisis Financiero.','109','Legislativa','',2,NULL,16,NULL,NULL),
	(110,'Promoción de buenas prácticas en compras públicas municipales','Promover las compras coordinadas a nivel municipal, difundir las instrucciones que emita la Dirección de ChileCompra, y propender al fomento de buenas prácticas, capacitación y formación en esta materia.','110','Gestión','',2,NULL,13,NULL,NULL),
	(111,'Mejor información sobre calidad de servicios de telecomunicaciones','Desplegar toda la información de la SUBTEL en un sitio web, proporcionando información a los usuarios acerca de la calidad del servicio de cada compañía a nivel local.','111','Gestión','',1,NULL,9,NULL,NULL),
	(112,'Ventanilla única de consulta sobre coberturas de telecomunicaciones','Contar con ventanilla única de consulta ciudadana para verificar factibilidad técnica de servicios de telecomunicaciones de los operadores.','112','Gestión','',1,NULL,9,NULL,NULL),
	(113,'Portal del Estado para la participación ciudadana','Levantar un portal donde el Estado pueda responder solicitudes de la ciudadanía respecto a procesos de consulta pública o de otra naturaleza, fomentando la interacción ciudadanía-Estado.','113','Administrativa','',1,NULL,15,NULL,NULL),
	(114,'Portal único de cuentas públicas del Estado','Desarrollar un portal único donde se transparenten en formato de datos abiertos las cuentas públicas de las instituciones del Estado.','114','Administrativa','',1,NULL,8,NULL,NULL),
	(115,'Hacer obligatorio el uso del Portal de Transparencia del Estado','Consagrar legalmente el Portal de Transparencia del Estado y establecer su obligatoriedad para los organismos que señale la Ley de Transparencia.','115','Legislativa','',1,NULL,16,NULL,NULL),
	(116,'Generar una política nacional de datos abiertos','Elaborar una política que considere roles, responsabilidades, controles y estándares aplicables todos los órganos del Estado en materia de datos abiertos.','116','Gestión','',1,NULL,11,NULL,NULL),
	(117,'Promoción de transparencia algorítmica a toda la Administración Central','Promoción de la transparencia algorítmica para los órganos de la Administración del Estado.','117','Administrativa','',1,NULL,12,NULL,NULL),
	(118,'Lanzar el Portal de Datos Abiertos','Actualizar y lanzar la nueva versión del Portal de Datos Abiertos \"datos.gob.cl\".','118','Administrativa','',1,NULL,11,NULL,NULL),
	(119,'Consagrar legalmente el concepto de datos abiertos','Establecer una definición legal del concepto de datos abiertos.','119','Legislativa','',1,NULL,16,NULL,NULL),
	(120,'Elaboración de un Plan de Participación Ciudadana en el Senado','Elaborar un Plan de Participación Ciudadana del Senado, basado en los principios de Estado Abierto, cuyo propósito será promover el involucramiento de las personas en el proceso legislativo y contribuir en la formación ciudadana.','120','Administrativa','',1,NULL,18,NULL,NULL),
	(121,'Promover una agenda abierta de las más altas autoridades','Publicitar las actividades realizadas por las más altas autoridades de gobierno, promoviendo una agenda abierta que vaya más allá de las cubiertas por la Ley N°20.730.','121','Legislativa','',1,NULL,16,NULL,NULL),
	(122,'Generar un instructivo que regule el contenido de las actas levantadas en las sesiones de las Comisiones Especiales de Enajenaciones','Generar un Instructivo dirigido a las Secretarías Regionales Ministeriales del Ministerio de Bienes Nacionales que detalle el contenido mínimo de las Actas de las Comisiones Especiales de Enajenaciones.','122','Administrativa','',1,NULL,16,NULL,NULL),
	(123,'Incorporar un catálogo de ítems especial de transparencia presupuestaria','Incorporar en los elementos que deben publicarse a través de las normas de transparencia activa ciertos elementos de transparencia fiscal, como la ejecución presupuestaria de los sujetos obligados y las fuentes de financiamiento.','123','Legislativa','',1,NULL,16,NULL,NULL),
	(124,'Nuevo sistema informático para un seguimiento preciso y transparente del Programa Asentamientos Precarios','Disponer de la información fidedigna y oportuna mediante un sistema electrónico del estado de avance de cada iniciativa asociada a transferencias de recursos del Programa Asentamientos Precarios.','124','Administrativa','',1,NULL,5,NULL,NULL),
	(125,'Estandarizar cuentas pública de las instituciones públicas','Actualizar y estandarizar los cuerpos normativos que establecen la obligación de rendir cuentas por parte de las autoridades públicas (cuentas públicas).','125','Administrativa','',1,NULL,8,NULL,NULL),
	(126,'Requisitos mínimos a cuentas públicas de alcaldes','Establecer que en las cuentas públicas de las y los alcaldes se deba informar de la gestión del municipio sobre el plan de integridad, además de ponerla a disposición en las dependencias del municipio y el sitio web municipal bajo las reglas de transparencia activa.','126','Legislativa','',1,NULL,2,NULL,NULL),
	(127,'Ecosistema de datos de corrupción','Establecer un ecosistema de datos mediante una mesa intersectorial donde se integren datos provenientes de servicios propietarios, los cuales pueden ser insumo para crear modelos preventivos y detectivos de ilícitos de corrupción en armonía con la Ley de Protección de Datos Personales.','127','Gestión','',1,NULL,2,NULL,NULL),
	(128,'Medición y análisis de datos de corrupción','Crear mediciones de corrupción intra y extra Estado, utilizando metodologías de levantamiento de datos mixtas, y observando datos secundarios mediante nuevas técnicas (big data, minería de datos, inteligencia artificial, entre otros).','128','Gestión','',1,NULL,2,NULL,NULL),
	(129,'Recomendar flujos de gestión de información en los servicios públicos','Formular recomendaciones para facilitar la ordenación de información de los servicios públicos a fin de liberar la carga de respuesta en las solicitudes de acceso a la información pública.','129','Administrativa','',1,NULL,12,NULL,NULL),
	(130,'Establecer reglas claras de responsabilidad disciplinaria de los funcionarios a cargo de la gestión de solicitudes de acceso a la información pública','Establecer normas de responsabilidad disciplinaria claras y precisas para los funcionarias y funcionarios a cargo de la gestión de solicitudes de acceso a la información pública, que sean tramitadas de acuerdo a las reglas del Estatuto Administrativo, disminuyendo el ámbito de discrecionalidad del Consejo para la Transparencia al aplicar sanciones y fomentando la creación de la figura del encargado/a de transparencia en los servicios públicos.','130','Legislativa','',1,NULL,16,NULL,NULL),
	(131,'Programas de capacitación y apoyo continuo para implementación de la Ley de Transparencia','Consolidar el cumplimiento adecuado y uniforme de la Ley de Transparencia al elaborar programas de capacitación y apoyo continuos, en todo formato, y contar con un equipo especializado en materias de acceso y publicidad.','131','Gestión','',1,NULL,13,NULL,NULL),
	(132,'Ampliar la red de enlaces de transparencia a todos los servicios de la Administración Central del Estado','Ampliar la red de enlaces de transparencia a todos los servicios de la Administración del Estado, con el fin de mantener canales de comunicación y actualización técnica de todos los servicios.','132','Gestión','',1,NULL,13,NULL,NULL),
	(133,'Consagración legal de los procedimientos sancionatorios del Consejo para la Transparencia','Dotar de certeza jurídica a los procedimientos sancionatorios del Consejo para la Transparencia, estableciendo normas procesales claras para los responsables.','133','Legislativa','',1,NULL,16,NULL,NULL),
	(134,'Incorporar al régimen de transparencia a todos quienes cumplen con funciones públicas','Incorporar al ámbito de aplicación de la Ley de Transparencia a todos quienes cumplen funciones públicas, como las empresas públicas y las personas jurídicas sin fines de lucro que reciban transferencias de fondos públicos.','134','Legislativa','',1,NULL,16,NULL,NULL),
	(135,'Incrementar los estándares de transparencia del Congreso y el Poder Judicial, entre otros','Aumentar legalmente los estándares de transparencia a los que están sujetos el Congreso Nacional, el Poder Judicial y varios órganos autónomos, estableciendo, por ejemplo, exigencias mínimas de transparencia y la designación de un responsable de implementación del principio de transparencia.','135','Legislativa','',1,NULL,16,NULL,NULL),
	(136,'Reforma notarial y registral','Avanzar en una reforma al sistema notarial y registral que los modernice y los sujete a estrictos criterios de transparencia y probidad.','136','Legislativa','',1,NULL,16,NULL,NULL),
	(137,'Realizar talleres permanentes y guías de Lenguaje Claro','Realizar difusión y capacitaciones en torno al uso de lenguaje claro en todos los órganos del Estado.','137','Gestión','',1,NULL,7,NULL,NULL),
	(138,'Recomendar a nivel central la promoción del principio de transparencia proactiva','Continuar recomendando anualmente a todos los servicios el aumento de los estándares de publicidad a través de la transparencia proactiva.','138','Gestión','',1,NULL,9,NULL,NULL),
	(139,'Implementar protocolos de datos sensibles de mujeres denunciantes','Implementar protocolo de tratamiento de los datos sensibles en el caso de mujeres que denuncian y resguardar en forma adecuada la información de las mujeres víctimas de violencia en contexto de acoso laboral o sexual.','139','Administrativa','',1,NULL,12,NULL,NULL),
	(140,'Ley de datos personales','Impulsar una nueva ley de datos personales que dé cuenta de los desafíos actuales del entorno en línea, incluyendo estándares de protección reconocidos por la OCDE y en línea con la regulación europea.','140','Legislativa','',1,NULL,16,NULL,NULL),
	(141,'Transparencia de las encuestas electorales','Introducir requisitos para la transparencia de las encuestas electorales. Por ejemplo, exigir registro y transparencia de bases de datos, con debida protección de datos personales, a cargo de un organismo como el Servicio Electoral de Chile.','141','Legislativa','',3,NULL,16,NULL,NULL),
	(142,'Ficha limpia de candidatos','Impulsar proyecto de ley para una \"Ficha Limpia de Candidatos\", que evite que candidaturas condenadas por ciertos delitos de corrupción puedan ser candidatas/os a elecciones o resultar electas/os.','142','Legislativa','',3,NULL,16,NULL,NULL),
	(143,'Continuar considerando gastos de cuidado como gasto de campaña','Continuar considerando los gastos de cuidado, ya contemplados en campañas, como categoría de gasto electoral específica y para todo tipo de campañas electorales.','143','Gestión','',3,NULL,11,NULL,NULL),
	(144,'Investigación y sanción de delitos de financiamiento electoral','Hacer efectivos los límites a los aportes establecidos para candidaturas o partidos políticos, estableciendo sanciones al excederse el máximo sobre un veinte por ciento a lo permitido por la Ley N°19.884, y permitiendo que el Ministerio Público investigue de oficio las infracciones.','144','Legislativa','',3,NULL,16,NULL,NULL),
	(145,'Reducir los topes de gasto electoral','Reducir los límites de gasto en los distintos tipos de campaña electoral definidos en la Ley N°19.884.','145','Legislativa','',3,NULL,16,NULL,NULL),
	(146,'Reducir los límites de aportes por persona en campañas electorales','Introducir requisitos para la transparencia de las encuestas electorales. Por ejemplo, exigir registro y transparencia de bases de datos, con debida protección de datos personales, a cargo de un organismo como el Servicio Electoral de Chile.','146','Legislativa','',3,NULL,16,NULL,NULL),
	(147,'Establecer un tope de reembolso por gastos electorales','Establecer un topes al reembolso electoral para las elecciones que considere los promedios de gasto efectivo y montos de las elecciones más recientes.','147','Legislativa','',3,NULL,16,NULL,NULL),
	(148,'Limitar la contratación de personal en municipios durante períodos electorales','Limitar contrataciones de personal en municipios en períodos previos a elecciones.','148','Legislativa','',3,NULL,16,NULL,NULL),
	(149,'Fortalecer el intercambio de información para mejorar la fiscalización electoral','Fortalecer la coordinación e intercambio de información, permitiendo el Servicio de Impuestos Internos y la Unidad de Análisis Financiero informen al Servicio Electoral respecto de transacciones relacionadas con ingresos y gastos en periodos electorales.','149','Legislativa','',3,NULL,16,NULL,NULL),
	(150,'Generar mecanismos para la transparencia oportuna sobre aportes en especie ','Establecer un mecanismo de reporte periódico de los aportes en especie, durante el periodo de campaña.','150','Gestión','',3,NULL,11,NULL,NULL),
	(151,'Mejorar la calidad de información sobre aportes electorales','Mejorar la calidad de la información sobre aportes electorales, en particular distinguir entre montos provenientes del anticipo fiscal y montos del patrimonio del partido.','151','Gestión','',3,NULL,11,NULL,NULL),
	(152,'Deber de informar contrataciones antes del día de la elección','Establecer la obligación a todos los candidatos y partidos políticos de informar al Servicio Electoral, antes del día de la elección, todas las contrataciones que hayan realizado de bienes y servicios. Deberán identificar el proveedor, el bien o servicio contratado y el monto. ','152','Legislativa','',3,NULL,16,NULL,NULL),
	(153,'Tarifas de gasto en redes sociales y portales web en contexto de campañas electorales','Introducir obligación de contar con un tarifario de publicidad en redes y portales web, de manera equivalente al tarifario radial que existe para controlar gasto en campañas.','153','Legislativa','',3,NULL,16,NULL,NULL),
	(154,'Mayor control al gasto en publicidad en períodos electorales para Municipalidades','Permitir que en los años de elección municipal, el concejo pueda solicitar a la alcaldesa o el alcalde que se justifique de forma detallada, desagregada y comparativa con los tres años anteriores, los gastos relativos a publicidad, producción de eventos y otrs similares que sean incorporados en el presupuesto municipal.','154','Legislativa','',3,NULL,16,NULL,NULL),
	(155,'Facilitar el acceso a la información sobre ingresos y gastos en campañas electorales','Facilitar el acceso a información relevante de campañas electorales que ya se publica mediante bases de datos por parte del Servicio Electoral.','155','Gestión','',3,NULL,11,NULL,NULL),
	(156,'Aumentar la periodicidad de la transparencia activa de los partidos políticos','Aumentar la periodicidad para publicar mediante transparencia activa información relativa a los partidos políticos.','156','Legislativa','',3,NULL,16,NULL,NULL),
	(157,'Fiscalización a partidos políticos en terreno','Fiscalizar los gastos regulares de los partidos políticos en terreno (en la sede del partido), lo cual contribuye a la transparencia como base de confianza hacia esas colectividades.','157','Gestión','',3,NULL,11,NULL,NULL),
	(158,'Digitalizar procesos de rendición de cuentas de partidos políticos','Apoyar la digitalización de los procesos de reporte y rendición de cuentas de los partidos partidos políticos con el fin de contar con información de mayor calidad, mejorando la periodicidad en el reporte.','158','Gestión','',3,NULL,11,NULL,NULL),
	(159,'Apoyar el proceso de implementar datos abiertos sobre información de partidos políticos','Apoyar el proceso de implementar datos abiertos y visualizaciones de datos sobre información relevante de contabilidad y funcionamiento interno de los partidos políticos, de manera que la información sea reutilizable y pueda ser leida por máquinas.','159','Gestión','',3,NULL,11,NULL,NULL),
	(160,'Transparencia de institutos de formación política ligados a partidos políticos','Implementar adecuadamente la norma que establece que los institutos de formación política ligados a partidos políticos deben ser registrados por éstos y establecer reglas de transparencia a organizaciones que obtengan recursos de forma habitual con cargo a asignaciones parlamentarias.','160','Administrativa','',3,NULL,11,NULL,NULL),
	(161,'Transparencia activa para entidades que se financian regularmente por asignaciones parlamentarias','Establecer mínimos de transparencia activa para entidades privadas que se financian regularmente por asignaciones parlamentarias.','161','Legislativa','',3,NULL,16,NULL,NULL),
	(162,'Ficha limpia para autoridades de partidos políticos','Evitar que personas condenadas por ciertos delitos vinculados a corrupción, puedan formar parte de los órganos directivos de un partido político.','162','Legislativa','',3,NULL,16,NULL,NULL),
	(163,'Promover estándares de debida diligencia para empresas','Formación de una \"Mesa Técnica de Trabajo de Debida Diligencia y Empresas\", al amparo del Comité Interministerial del Plan de Acción Nacional de Derechos Humanos y Empresas, que promueva la suscripción de compromisos de adhesión a procesos de debida diligencia.','163','Gestión','',4,NULL,3,NULL,NULL),
	(164,'Adopción de compromisos de debida diligencia en empresas','Implementar procesos de debida diligencia en derechos humanos en las empresas.','164','Gestión','',4,NULL,3,NULL,NULL),
	(165,'Debida diligencia en empresas públicas','Generar una linea de base en debida diligencia para empresas públicas, levantando información y planes para nivelar conocimientos  en esta materia.','165','Gestión','',4,NULL,3,NULL,NULL),
	(166,'Fortalecer a la Red Latinoamericana de Gobierno Corporativo para Empresas Estatales','Reactivar la Red Latinoamericana de Gobierno Corporativo para Empresas Estatales, de manera de poder generar un programa de intercambio de experiencias y buenas prácticas de integridad en el diseño de políticas de desarrollo de las empresas estatales a nivel regional.','166','Gestión','',4,NULL,3,NULL,NULL),
	(167,'Elaborar programas de capacitación de directorios de empresas públicas','Diseñar e implementar seminarios y cursos de formación para los directorios de las empresas públicas en materia de gobierno corporativo en empresas públicas, basándose en las directrices del Sistema de Empresas Públicas (SEP) y en colaboración con universidades e instituciones públicas relacionadas.','167','Administrativa','',4,NULL,3,NULL,NULL),
	(168,'Fortalecer el Sistema de Empresas Públicas','Fortalecer al Sistema de Empresas Públicas (SEP) como organismo coordinador, supervigilante y promotor de mejores prácticas para las empresas propiedad del Estado, dotándolo de mayores atribuciones en la supervisión y promoción, y creando un estatuto de probidad que eleve el estándar de integridad de las empresas públicas.','168','Gestión','',4,NULL,4,NULL,NULL),
	(169,'Fortalecer gobernanza de las instituciones privadas sin fines de lucro en que participa el Estado','Realizar un diagnóstico sobre el universo de instituciones sin fines de lucro existentes, y fortalecer su gobierno corporativo, procurando la idoneidad de los directores, crear inhabilidades e incompatibilidades y la rendición de cuentas.','169','Legislativa','',4,NULL,4,NULL,NULL),
	(170,'Sitio web de empresas estatales','Presentar un sitio web de las empresas estatales, que contenga toda la información financiera y no financiera, conforme a las recomendaciones de transparencia y buenas prácticas de la OCDE.','170','Gestión','',4,NULL,18,NULL,NULL),
	(171,'Actualizar el Código del Sistema de Empresas Públicas','Actualizar el Código del Sistema de Empresas Públicas (SEP) con normativa para empresas públicas, simplificando la estructura actual e incorporar lenguage claro en sus normas.','171','Gestión','',4,NULL,3,NULL,NULL),
	(172,'Establecer requisitos de integridad para operadores de tarjetas de pago','Exigir que las personas naturales inicien actividades para recibir pagos con tarjeta y otorgar al SII la facultad de fiscalizar tal requisito, a fin de impedir la evasión tributaria.','172','Legislativa','',4,NULL,4,NULL,NULL),
	(173,'Difundir modificaciones a modelos de prevención de delitos','Difundir las modificaciones y nuevas exigencias de los modelos de prevención de delitos, a propósito de la aprobación de la Ley N°21.595 de Responsabilidad penal de las personas jurídicas y delitos económicos.','173','Gestión','',4,NULL,4,NULL,NULL),
	(174,'Perfeccionar la regulación existente sobre donaciones empresariales','Elaborar una circular que prohiba que las donaciones empresariales sean usadas para fines no previstos en la misma norma.','174','Gestión','',4,NULL,4,NULL,NULL),
	(175,'Difundir las Recomendaciones OCDE sobre Cohecho en transacciones internacionales','Realizar plan de difusión sobre recomendaciones para el sector privado y avanzar en la implementación por Chile de la Convención Anticohecho de la OCDE.','175','Gestión','',4,NULL,4,NULL,NULL),
	(176,'Prohibir directorios cruzados entre empresas públicas y privadas','Prohibir los directorios cruzados entre distintas empresas del ámbito público y privado (interlocking).','176','Legislativa','',4,NULL,4,NULL,NULL),
	(177,'Establecer sanciones a las empresas por contratación de ex autoridades','Establecer sanciones para las empresas que contratan a ex funcionarios antes de cumplirse el período de enfriamiento que establezca la Ley.','177','Legislativa','',4,NULL,4,NULL,NULL),
	(178,'Deber de denunciar sobre operaciones sospechosas de blanqueo de capitales','Exigir a abogadas/os, contadoras/es y auditoras/es que informen de las operaciones sospechosas de blanqueo de capitales a la Unidad de Análisis Financiero.','178','Legislativa','',4,NULL,4,NULL,NULL),
	(179,'Fomento de la detección y denuncia de actos de corrupción por parte de auditores externos','Fomentar la detección y denuncia de actos de corrupción por parte de las empresas de auditoría externa, incluyendo la obligación de denunciar y el establecimiento de mecanismos de protección a los denunciantes.','179','Legislativa','',4,NULL,4,NULL,NULL),
	(180,'Fortalecimiento de control interno y auditoría interna de instituciones privadas sin fines de lucro','Reducir el monto respecto al que las instituciones privadas sin fines de lucro que reciban fondos del Estado deben realizar auditorías externas anuales.','180','Legislativa','',4,NULL,4,NULL,NULL),
	(181,'Reducir el monto respecto al que las instituciones privadas sin fines de lucro que reciban fondos del Estado deben realizar auditorías externas anuales.','Establecer el deber de los bancos de conservar la información financiera de sus clientes por 10 años y entregarlos en las investigaciones penales que se requiera.','181','Gestión','',4,NULL,18,NULL,NULL),
	(182,'Entrega de información sobre secreto bancario al MP','Establecer que la información que los bancos envíen sobre sus clientes al Ministerio Público relacionada al levantamiento del secreto bancario sea en formato abierto, descargable y ordenado.','182','Administrativa','',4,NULL,18,NULL,NULL),
	(183,'Facilitar identificación de personas que efectúan depósitos en efectivo','Establecer la obligación para las instituciones financieras de revisar la identidad de personas que hacen depósitos en efectivo sobre determinado monto, disminuyendo los riesgos de lavado de activos, financiamiento del terrorismo y corrupción.','183','Administrativa','',4,NULL,18,NULL,NULL),
	(184,'Regulación de las plataformas de apuestas en línea','Regular el desarrollo y funcionamiento de las plataformas de apuestas en línea, transparentando el origen y destino de los recursos que obtienen.','184','Legislativa','',4,NULL,4,NULL,NULL),
	(185,'Delito de amaño','Tipificar el delito de amaño o arreglo de eventos deportivos para resguardar la integridad en las competencias deportivas.','185','Legislativa','',4,NULL,4,NULL,NULL),
	(186,'Elaborar y divulgar programas de cumplimiento para PYMEs','Prestar apoyo en materias de integridad a PYMEs para construir directrices generales sobre los elementos mínimos de un modelo de prevención del delito, con el objeto de ponerlo a disposición de cualquier micro, pequeña o mediana empresa, a través de un conjunto de piezas (Kit), que incluya línea de denuncia, código de ética, capacitaciones, entre otros.','186','Gestión','',4,NULL,3,NULL,NULL),
	(187,'Elaborar estándares para códigos de ética empresariales','Proponer -desde sociedad civil y desde empresas- estándares mínimos para cumplir por parte de los códigos de ética empresarial.','187','Gestión','',4,NULL,4,NULL,NULL),
	(188,'Promover estándares de cumplimiento para el respeto de los derechos de los consumidores','Promover e incentivar el respeto de los derechos de los consumidores a través de la implementación de un estándar de cumplimiento establecido por los lineamientos del Servicio Nacional del Consumidor (Servicio Nacional del Consumidor) y las buenas prácticas que cada industria pueda adoptar.','188','Gestión','',4,NULL,3,NULL,NULL),
	(189,'Crear un Registro Nacional de Beneficiarios Finales de Personas Jurídicas','Crear un registro nacional de beneficiarios finales que permita identificar a las personas beneficiarias finales de las personas jurídicas, los fondos de inversión y otras entidades sin personalidad jurídica, facilitando el combate contra la evasión fiscal, el crimen organizado, el lavado de activos, el financiamiento del terrorismo, los atentados contra la libre competencia y, en general, los conflictos de intereses.','189','Legislativa','',4,NULL,4,NULL,NULL),
	(190,'Implementar las iniciativas asociadas a la adhesión a la Iniciativa de Transparencia en la Industria Extractiva','Establecer mayores estándares de transparencia en las industrias minera y extractiva mediante la implementación de las iniciativas asociadas a la adhesión a la Iniciativa de Transparencia en la Industria Extractiva (EITI).','190','Gestión','',4,NULL,8,NULL,NULL),
	(191,'Promover transparencia y la divulgación de información de gobiernos corporativos','Promover -para empresas no regidas por la CMF- la transparencia y la divulgación de la información de los gobiernos corporativos y del quehacer empresarial, mediante, por ejemplo, la elaboración de una Guía de Estándares de Transparencia para Empresas sobre la base de la Circular N°461 de la CMF. Promover el impulso de esta iniciativa desde Sociedad Civil, mediante la entrega de un sello de transparencia.','191','Gestión','',4,NULL,4,NULL,NULL),
	(192,'Crear un catastro en línea de multas a empresas','Centralizar la información sobre cumplimiento normativo de distintas empresas a través de creación de una página web donde se consignen todas las multas que diversos órganos fiscalizadores han impuesto.','192','Legislativa','',4,NULL,4,NULL,NULL),
	(193,'Evitar inversiones en paraísos fiscales','Restablecer y reforzar obligaciones de informar inversiones en paraísos tributarios y otro tipo de instrumentos híbridos como trusts.','193','Legislativa','',4,NULL,4,NULL,NULL),
	(194,'Crear una mesa técnica de trabajo para abordar la regulación de un estatuto de protección del denunciante en el sector privado','Crear una mesa de trabajo que tenga por objeto la realización de actividades de sensibilización respecto a la necesidad de contar con un estatuto de protección para los denunciantes de corrupción pertenecientes al sector privado y las empresas públicas que sea más robusto que la normativa vigente.','194','Gestión','',4,NULL,4,NULL,NULL),
	(195,'Mejorar la calidad de la información de los balances de las instituciones privadas sin fines de lucro','Establecer la obligatoriedad de realizar declaraciones de los balances de las instituciones privadas sin fines de lucro ante el Servicio de Impuestos Internos para todas las instituciones privadas sin fines de lucro para prevenir la elusión y evasión, salvo las de menor tamaño o pequeñas.','195','Legislativo','',4,NULL,4,NULL,NULL),
	(196,'Establecer una identificación única de las instituciones privadas sin fines de lucro','Realizar convenios de colaboración entre las instituciones correspondientes para unificar la información sobre números de identificación de las organizaciones sociales.','196','Administrativa','',4,NULL,4,NULL,NULL),
	(197,'Crear un portal único de personas jurídicas sin fines de lucro','Fortalecer el sistema registral creando un portal único de personas jurídicas sin fines de lucro que contemple a todas las organizaciones de la sociedad civil que hoy en día se registran en otros servicios públicos.','197','Gestión','',4,NULL,5,NULL,NULL),
	(198,'Políticas de capacitación y asesoría en instituciones privadas sin fines de lucro','Poner a disposición de las instituciones privadas sin fines de lucro capacitaciones, tutoriales y formatos estandarizados para avanzar en sus sistemas de integriad y modelos de prevención de delitos.','198','Gestión','',4,NULL,13,NULL,NULL),
	(199,'Promoción de la integridad en proveedores del Estado','Promover integridad en empresas proveedoras del Estado, incentivando que cuenten con programas de integridad y compliance, con la finalidad de establecer una responsabilidad y compromiso por parte de las entidades oferentes de actuar bajo estándares de valores institucionales compartidos.','199','Gestión','',4,NULL,16,NULL,NULL),
	(200,'Centralizar los mandatarios digitales de las personas jurídicas','Centralizar los mandatarios digitales de las personas jurídicas, con tal de estandarizar el modelo de datos de las empresas en el Estado y facilitar la la interconexión y el análisis de dato.','200','Gestión','',4,NULL,4,NULL,NULL),
	(201,'Integridad en las Sociedades Anónimas Deportivas Profesionales','Aumentar los estándares de integridad en la regulación de las organizaciones deportivas profesionales, mediante la introducción de nuevas reglas de prevenciones de conflictos de intereses para sus directores, el aumento de los estándares de fiscalización y control sobre sus actividades económicas y el sometimiento de todas ellas a la fiscalización de la Superintendencia de Valores y Seguros.','201','Legislativa','',4,NULL,4,NULL,NULL),
	(202,'Formación en integridad para dirigentes sindicales','Incluir formacion en integridad y anticorrupción en las mallas de formación de dirigentes sindicales.','202','Gestión','',4,NULL,14,NULL,NULL),
	(203,'Fortalecimiento del sistema de integridad de las instituciones privadas sin fines de lucro','Fortalecer el sistema de integridad de las instituciones privadas sin fines de lucro, incorporando la obligatoriedad de códigos de ética y canal de denuncias.','203','Legislativa','',4,NULL,4,NULL,NULL);



# Dump of table migrations
# ------------------------------------------------------------


CREATE TABLE `migrations` (
  `id` int unsigned NOT NULL AUTO_INCREMENT,
  `migration` varchar(255) COLLATE utf8mb4_unicode_ci NOT NULL,
  `batch` int NOT NULL,
  PRIMARY KEY (`id`)
) ENGINE=InnoDB DEFAULT CHARSET=utf8mb4 COLLATE=utf8mb4_unicode_ci;


INSERT INTO `migrations` (`id`, `migration`, `batch`)
VALUES
	(1,'2014_10_12_000000_create_users_table',1),
	(2,'2014_10_12_100000_create_password_reset_tokens_table',1),
	(3,'2019_08_19_000000_create_failed_jobs_table',1),
	(4,'2019_12_14_000001_create_personal_access_tokens_table',1),
	(5,'2023_12_22_190143_create_axes_table',1),
	(6,'2023_12_28_152222_create_goals_table',1),
	(7,'2023_12_28_152434_create_measures_table',1),
	(8,'2023_12_28_152551_create_activities_table',1),
	(9,'2024_01_04_143716_create_attachement_table',1),
	(10,'2024_01_04_191819_create_attachments_table',1);




